alse
Is 23 a factor of 29510840?
True
Does 42 divide 2263212?
True
Is 54 a factor of 24142806?
True
Does 294 divide 36701416?
False
Is 137614242 a multiple of 598?
False
Does 3475 divide 3132332800?
False
Is 5373095 a multiple of 91?
True
Is 2574 a factor of 609821238?
False
Does 25 divide 45507643?
False
Does 519 divide 258535698?
True
Does 7 divide 459783933?
True
Is 33282665 a multiple of 1117?
False
Is 4663 a factor of 64868493?
False
Is 106855836 a multiple of 796?
True
Is 207 a factor of 179884242?
True
Does 8 divide 256785?
False
Is 1059 a factor of 256102206?
True
Is 43 a factor of 387483965?
True
Does 9 divide 646677162?
True
Does 230 divide 190351910?
True
Is 346381004 a multiple of 707?
False
Is 137 a factor of 1386287195?
False
Is 7980 a factor of 1400585760?
True
Is 797 a factor of 639744478?
False
Is 32327908 a multiple of 51?
False
Is 1446 a factor of 531586560?
False
Does 1676 divide 1392931980?
True
Is 186932854 a multiple of 8?
False
Does 2700 divide 292291338?
False
Is 725 a factor of 283864325?
True
Does 46 divide 49140328?
True
Does 335 divide 2045153560?
True
Does 45 divide 8635680?
True
Is 1468508465 a multiple of 16?
False
Is 46819980 a multiple of 60?
True
Is 7 a factor of 12748911?
True
Is 73 a factor of 18703361?
False
Is 136596360 a multiple of 12?
True
Does 351 divide 814362023?
False
Does 6 divide 22533667?
False
Is 8 a factor of 10608128?
True
Is 370 a factor of 8431190?
True
Is 15838440 a multiple of 120?
True
Is 3316 a factor of 448246932?
True
Is 776 a factor of 87395130?
False
Does 4198 divide 17178216?
True
Is 500470065 a multiple of 2105?
True
Does 9094 divide 2200120514?
True
Is 3617109 a multiple of 3?
True
Is 10 a factor of 322366395?
False
Does 642 divide 214929916?
False
Is 100423890 a multiple of 84?
False
Is 20 a factor of 66546560?
True
Does 47 divide 21038046?
True
Is 180 a factor of 38853900?
True
Does 755 divide 183540815?
False
Is 35062942 a multiple of 4?
False
Does 297 divide 60290109?
True
Does 44 divide 417413483?
False
Is 500589694 a multiple of 1199?
True
Does 62 divide 12723126?
False
Is 130251221 a multiple of 80?
False
Is 1143915971 a multiple of 19?
False
Is 47 a factor of 604679449?
False
Is 54 a factor of 14712408?
True
Does 26 divide 818951548?
False
Is 106755 a multiple of 577?
False
Is 1122289040 a multiple of 1782?
False
Is 10939989 a multiple of 52?
False
Is 60 a factor of 2011740720?
True
Is 4896757861 a multiple of 131?
True
Does 162 divide 62008092?
True
Is 10984997 a multiple of 25?
False
Is 51390181 a multiple of 670?
False
Is 166 a factor of 233118348?
False
Does 869 divide 90920828?
False
Is 1569928 a multiple of 6?
False
Is 515 a factor of 7895465?
True
Is 54655835 a multiple of 8254?
False
Does 9 divide 207907470?
True
Does 3023 divide 367161181?
False
Is 37 a factor of 266543227?
True
Is 191 a factor of 33434854?
False
Is 362 a factor of 1521094678?
True
Is 17 a factor of 1164173?
False
Is 519 a factor of 24827922?
True
Is 1579 a factor of 94732105?
True
Is 590 a factor of 22362803?
False
Is 33214502 a multiple of 29?
False
Is 113563752 a multiple of 157?
True
Does 10222 divide 791162356?
True
Does 788 divide 33632213?
False
Does 35 divide 1149418725?
True
Is 2152058121 a multiple of 1538?
False
Is 2041 a factor of 40219622?
False
Is 19396867 a multiple of 30?
False
Is 51991012 a multiple of 234?
False
Is 133585648 a multiple of 314?
True
Is 235 a factor of 483190785?
True
Is 101111469 a multiple of 12?
False
Is 4 a factor of 1711994?
False
Is 117726695 a multiple of 9?
False
Is 716 a factor of 1259125319?
False
Is 31 a factor of 87697556?
False
Is 1502 a factor of 98646245?
False
Is 7 a factor of 81037656?
True
Does 2 divide 483003?
False
Is 911 a factor of 247466773?
True
Is 10 a factor of 117055480?
True
Is 92 a factor of 1668598776?
False
Is 946 a factor of 23414446?
True
Does 5 divide 31956319?
False
Is 168 a factor of 5981472?
True
Is 4 a factor of 127040690?
False
Is 684 a factor of 36088905?
False
Is 3044930878 a multiple of 3276?
False
Does 23 divide 450789193?
False
Does 6 divide 20785638?
True
Is 1380085193 a multiple of 10?
False
Is 874 a factor of 432346516?
False
Is 811 a factor of 86078820?
False
Does 38 divide 993492471?
False
Does 12 divide 67797798?
False
Is 74461590 a multiple of 95?
False
Is 69377725 a multiple of 5?
True
Is 5 a factor of 94571170?
True
Does 41 divide 50583790?
False
Does 6 divide 30634170?
True
Is 635328658 a multiple of 34?
True
Is 89 a factor of 6572294?
True
Does 70 divide 330480409?
False
Is 103353551 a multiple of 1774?
False
Is 422 a factor of 755098773?
False
Is 364 a factor of 1537221140?
True
Is 387 a factor of 97276695?
False
Is 2110 a factor of 196951620?
True
Is 227 a factor of 323705405?
True
Is 23053836 a multiple of 283?
False
Does 5823 divide 2098521280?
False
Does 2 divide 4906595?
False
Is 308 a factor of 104973484?
True
Does 31 divide 2330611?
True
Is 664 a factor of 81705694?
False
Is 16177987 a multiple of 7389?
False
Is 12967798 a multiple of 7?
False
Is 639260424 a multiple of 1089?
True
Is 1303848102 a multiple of 35?
False
Does 21 divide 293473164?
False
Is 1278197976 a multiple of 2292?
True
Is 199136678 a multiple of 109?
True
Is 518086940 a multiple of 20?
True
Does 23 divide 120192727?
False
Does 37 divide 59279368?
False
Does 56 divide 272354131?
False
Is 187 a factor of 43938642?
True
Does 1509 divide 316947342?
True
Does 68 divide 21863972?
True
Does 5 divide 10087070?
True
Is 511 a factor of 91168219?
False
Is 607 a factor of 30108396?
False
Does 301 divide 66696705?
False
Does 32 divide 77256857?
False
Does 381 divide 53551836?
True
Is 38 a factor of 382532163?
False
Is 176 a factor of 21224368?
True
Is 47 a factor of 2743938496?
False
Does 46 divide 291610987?
False
Is 200358640 a multiple of 16?
True
Does 3822 divide 3592675013?
False
Does 21 divide 2588857106?
False
Is 2273 a factor of 1674944706?
False
Is 1587 a factor of 454393014?
True
Is 35674597 a multiple of 291?
False
Does 736 divide 59036032?
True
Is 66698261 a multiple of 1468?
False
Does 9 divide 273923584?
False
Is 15 a factor of 140533711?
False
Is 1776 a factor of 1166929680?
True
Is 281319080 a multiple of 70?
True
Is 330 a factor of 109641589?
False
Is 15 a factor of 10232843?
False
Is 4558312089 a multiple of 2508?
False
Does 43 divide 21494188?
False
Is 10 a factor of 2722315648?
False
Does 70 divide 2151995510?
True
Is 29556096 a multiple of 304?
True
Does 42 divide 858668270?
False
Is 40 a factor of 5003708?
False
Does 4728 divide 2592301060?
False
Is 379997520 a multiple of 10?
True
Does 20 divide 9541235?
False
Does 4 divide 4052510?
False
Is 34 a factor of 24377184?
True
Is 226822429 a multiple of 349?
True
Is 5437487 a multiple of 25?
False
Is 13 a factor of 9207684?
False
Is 196836112 a multiple of 1892?
True
Is 688076 a multiple of 2?
True
Is 4061347173 a multiple of 19?
False
Is 59 a factor of 1675605487?
True
Is 146414567 a multiple of 245?
False
Is 4550367 a multiple of 19?
True
Does 41 divide 1950288?
True
Is 310 a factor of 20781169?
False
Does 8 divide 110560517?
False
Is 368 a factor of 158021040?
True
Does 1306 divide 30591744?
True
Is 9388645 a multiple of 20?
False
Is 3748734 a multiple of 143?
False
Does 28 divide 93988804?
True
Does 406 divide 416607968?
True
Is 43280414 a multiple of 48?
False
Is 1192 a factor of 113814544?
True
Does 756 divide 15312780?
True
Is 78616359 a multiple of 981?
True
Is 714 a factor of 42033567?
False
Is 135901696 a multiple of 98?
True
Does 136 divide 36357152?
True
Does 38 divide 210975127?
False
Is 2077557758 a multiple of 17?
False
Is 9 a factor of 5305879?
False
Is 919 a factor of 145920658?
True
Is 9846761 a multiple of 113?
False
Does 18 divide 69330762?
True
Is 5224403 a multiple of 61?
False
Is 12456225 a multiple of 1157?
False
Does 14 divide 126911050?
True
Is 15512848 a multiple of 35?
False
Is 2897362650 a multiple of 39?
True
Is 5891830 a multiple of 35?
True
Is 12 a factor of 56104488?
True
Is 811 a factor of 1595542?
False
Is 2985160 a multiple of 37?
True
Is 4901029 a multiple of 9?
False
Is 459 a factor of 15558723?
True
Does 24 divide 73354089?
False
Does 26 divide 1547071604?
True
Is 19337143 a multiple of 7?
True
Is 62 a factor of 176958540?
True
Does 87 